*2 + 7*l - 7. Let n(c) = -c**3 - 10*c**2 - 12*c - 4. Let m be n(-9). Let d = m - 19. Is t(d) prime?
True
Let m(r) = 2334*r**3 - 4*r + 3. Is m(1) a composite number?
False
Suppose -168513 = -19*f - 3916. Is f a prime number?
True
Suppose 0 = 2*c - 5*c + 36. Suppose 12804 - 720 = c*z. Is z a prime number?
False
Suppose -3*b + 2446 = -5999. Is b composite?
True
Let r(p) = 8*p**2 + 23*p - 148. Is r(54) composite?
True
Suppose -6*w + 19273 = -17489. Is w composite?
True
Suppose 3*r - 8 = t + 5, 0 = 4*r + 2*t - 4. Let o(n) = 106*n - 23. Is o(r) prime?
False
Suppose 0 = -2*t + 3*j + 55, 3*t - 76 = t - 4*j. Let d = 222 + t. Is d a prime number?
False
Suppose 479 = -4*l + 5863. Is l prime?
False
Let c(d) be the second derivative of -389*d**3/3 - d**2/2 - 22*d. Is c(-3) prime?
True
Let n = 1425 + 2516. Is n prime?
False
Is ((-9)/(-7))/3 - 48520/(-140) a prime number?
True
Let n be (-14)/(-1)*9/6. Suppose -3*r - n = 3*g, r + 25 = -3*g + 8. Is r/3 + (-167)/(-3) a prime number?
False
Suppose y - 3*y + 2*z = -116650, -291605 = -5*y - 5*z. Is y prime?
False
Let j(d) = 2*d - 3. Let m be j(-2). Let f(z) = -41*z + 4. Is f(m) composite?
True
Let z(t) = 20*t**2 + 56*t + 157. Is z(-40) prime?
True
Suppose -5*u - 11*n - 880 = -9*n, 3*u + 5*n + 547 = 0. Is -1 + -3 - -134*u/(-12) a composite number?
True
Let r = -56 - -58. Suppose -2*v - 5*z = -2509, v = -0*v + r*z + 1268. Is v prime?
False
Let s be 90/20*4/6 + 90. Let c = s - -776. Is c a composite number?
True
Let q(r) = -r + 4. Let g be q(3). Let k(i) = 1191*i**3 - i**2 + 2*i - 1. Let t be k(g). Suppose -t = -8*o + 7*o. Is o a prime number?
False
Suppose 3*h + 51 = 2*t, 8 = t - 7*h + 2*h. Let w = 6 + t. Is w composite?
True
Let h be -185*(3 - (-36)/(-10)). Let f be h - 2*(-3)/2. Is (f/(-8))/(19/(-76)) a prime number?
False
Suppose 5*h - 9*h = 448. Let s = h + 275. Is s a prime number?
True
Suppose -12 = 2*i - 5*i, -i + 22 = 3*s. Let z(c) = -2*c**2 - 11*c - 12. Let d be z(-4). Suppose 4*b - s*b + 30 = d. Is b prime?
False
Suppose 0 = -3*n - 2*b - b + 46983, 5*b + 15661 = n. Is n composite?
False
Let w(d) = -d + 18. Let r be w(10). Let h(y) be the third derivative of y**5/30 - y**4/4 + y**3/3 - 2*y**2. Is h(r) prime?
False
Let b(x) = -11*x**3 - 10*x**2 - 37*x - 35. Is b(-9) a composite number?
False
Let u(w) = -64*w - 2. Let g(n) = 1. Let m(a) = -3*g(a) - u(a). Let r = 3 - 1. Is m(r) composite?
False
Let l(j) = -j**3 - 5*j**2 + 3*j + 19. Is l(-18) composite?
False
Let l = -849 - -529. Let h = -150 - l. Suppose -5*t - 4*m + h + 285 = 0, m = 0. Is t a composite number?
True
Let m(t) = -2*t - 17. Let l be m(-7). Is -4 - (l + 2)*261 prime?
True
Suppose -25*z = 79549 - 412199. Is z composite?
True
Suppose 0 = -17*s + 22*s + 4255. Let m = -366 - s. Is m a prime number?
False
Let g = -199 - -2678. Is g composite?
True
Let l(x) = 69*x + 1. Let z be l(6). Suppose v - z = -93. Suppose -v = -i - i. Is i a prime number?
False
Let g be 6 - (-1 - (-2 - 1)). Suppose -5*b - j + 993 = 0, g*j + 313 = 2*b - 71. Suppose x - v + 6*v = b, -4*v = -x + 225. Is x a prime number?
False
Let u(f) = -17*f - 3. Let s(t) = 26*t + 5. Let j(l) = -5*s(l) - 8*u(l). Let h be j(1). Suppose 0*n = -h*n + 265. Is n a composite number?
False
Suppose n + 235 = -5*a + 1411, -n + a + 1152 = 0. Let x = 2133 - n. Is x composite?
False
Suppose 0*y = -q - 2*y + 1803, 0 = -y + 2. Suppose 7*t - 6*t = q. Is t prime?
False
Let q = 5220 - 2159. Is q a composite number?
False
Let y(p) = -p**3 - 7*p**2 - 5*p + 8. Let r be y(-6). Let x be 9/((-3)/1) + r. Is x - -1*(51 - -3) a prime number?
True
Let d(r) = r**3 - 17*r**2 + 31*r - 7. Let q be d(15). Suppose -q*u = -k - 6*u + 2492, -9983 = -4*k + 3*u. Is k a prime number?
False
Let g(v) = -v**3 + v**2 + v + 1. Let y be g(0). Is 397 + (y - -3 - 0) a composite number?
False
Let d be (-10)/(-12) + 5/30. Is 1/1 - (-216)/d prime?
False
Let s = 21 - 18. Suppose h = -5*q + s*h + 6334, 3*h = q - 1259. Suppose 0 = -0*z - 4*z + q. Is z a prime number?
True
Let s be 12/6*(-202)/(-4). Let o = 210 + s. Suppose -108 = -t + o. Is t a composite number?
False
Suppose a + 3 = 2*a, -5*x + 3*a - 519 = 0. Let p = x - -171. Is p prime?
False
Let m = -2097 - -3476. Is m prime?
False
Suppose -18 = 4*f - 13*f. Suppose -5*n - 4723 = -4*z, -4*z + 2*n + 2360 = -f*z. Is z a composite number?
True
Let w(k) = k**2 - 3*k + 2. Let v be w(2). Let h(t) = v*t**2 + 0 + 2*t**2 + 0*t - 2 - 2*t. Is h(-3) prime?
False
Let t(w) = 275*w**2 - 54*w + 3. Is t(4) a prime number?
False
Let u = 3312 - 53. Is u a composite number?
False
Suppose 0 = -517*y + 513*y + 2724. Is y prime?
False
Is (-11)/((-55)/26370) + -1 composite?
False
Let b(t) = 211*t - 9. Is b(10) prime?
False
Is (1*-163 + 0)/(6/(-102)) prime?
False
Let o(i) = 2*i**3 - i**2 - 4*i + 13. Let p be o(5). Suppose 0*v + 2*v - p = 0. Is v a prime number?
True
Let s be 150 - -1*(2 - -1). Suppose -332 = 5*h + s. Let g = h + 143. Is g a composite number?
True
Suppose 9*x - 2*x = 31731. Suppose 0 = -p + 4*p - x. Is p a composite number?
False
Let r(j) = -j**3 - 20*j**2 + 4*j + 2. Let f be r(-20). Is f/(-13)*6469*2/12 a prime number?
True
Let q(p) = 45*p**2 + 9*p - 21. Let a be q(7). Let x = 3 + 3. Suppose 3*h = x*h - a. Is h a composite number?
True
Suppose -l - 7 - 14 = 0. Is ((-35)/l)/(2/138) composite?
True
Let l be 16302/42 - (-2)/(-14). Let u be (l/6)/(6/9). Suppose -2*x = 3*g - u, 0 = 5*g + 6 + 9. Is x a prime number?
True
Suppose 0 = -7*a + 32309 + 47750. Is a composite?
False
Let y(i) = -i + 23. Let w be y(8). Let f be (-36)/w*(-30)/4. Let q = 22 - f. Is q composite?
True
Let q(r) be the second derivative of -r**4/6 + 8*r**3 - 11*r**2/2 - 8*r. Is q(20) a composite number?
False
Let d be (-4 - -4 - -2)*110/4. Let c = d + 471. Is c a prime number?
False
Let b = -22539 + 44336. Is b composite?
True
Let q(b) = b - 1. Let v(w) = -15*w**2 + 2*w - 9. Let k(l) = 2*q(l) - v(l). Is k(-5) prime?
False
Is (818/8)/((-35)/(-140)) prime?
True
Suppose 5*g = 0, 10*j = 15*j + 2*g - 191755. Is j a composite number?
False
Suppose -13*i + 16557 = -37978. Is i a composite number?
True
Suppose 10*k - 105706 = 8*k. Is k composite?
True
Suppose 2*b + 4*y + 21 = 5, 3*b - 26 = 4*y. Suppose -3*s + b*t + 14 + 0 = 0, 2*s + 4*t - 4 = 0. Suppose 0 = -2*v + 5*p + 104, s*v - 2*p - 239 = -v. Is v prime?
True
Suppose 2*u = -u + 9. Let g(c) = -93*c**3 + 1. Let k be g(-1). Suppose -k - 71 = -u*o. Is o composite?
True
Let x(j) = -9568*j - 173. Is x(-7) a composite number?
True
Suppose -40 - 215 = 3*h - 3*f, 4*h = -2*f - 358. Is (h/(-12))/((-8)/(-372)) prime?
False
Let t(w) = -2*w - 49. Let g be t(-26). Suppose 0*r = g*r - 1887. Is r a composite number?
True
Is (10 + -10 + -877)/(-1) a prime number?
True
Suppose 34*q - 52102 - 312684 = 0. Is q prime?
True
Suppose 43*v = v + 529326. Is v prime?
False
Suppose -z = -2*s + 13, 0 = 2*s - z + 3*z - 4. Let g = -1657 + 4000. Suppose 2*w + 2*w - s*d - g = 0, -3*w + 1756 = -5*d. Is w a composite number?
False
Suppose -5*t + 2*o + 16 = 0, 5 = -5*t + 5*o + 30. Suppose 2*g + 10 = -0*w - t*w, 3*w = -2*g - 8. Let q(p) = p**2 + 6*p + 3. Is q(g) prime?
False
Let m = 59 - 57. Is 17*37 - (m - (-2)/(-1)) a composite number?
True
Suppose 1624*v = 1623*v + 9773. Is v composite?
True
Suppose 25 = -o + 239. Let v = 323 - o. Is (-8)/10 + v/5 a composite number?
True
Let h be ((-30)/(-20))/((-2)/(-332)). Let m = 378 - h. Is m a prime number?
False
Let f(z) = -z**3 + z**2 + 2. Let u be f(0). Let q(s) = 163*s**2 - 2*s - 1. Is q(u) a composite number?
False
Let c = 0 - 5. Let a be (-3906)/c - (-11)/(-55). Let l = -344 + a. Is l prime?
False
Let f(y) = -103*y - 143. Is f(-18) a composite number?
True
Suppose 0 = -2*v + 2599 + 1151. Let q = v + -592. Is q a composite number?
False
Let r(z) = -5947*z - 8. Let j be r(-2). Suppose -j = -t - 5*t. Is t a prime number?
False
Let l(z) = z**3 + 9*z**2 + 59*z + 290. Is l(-5) prime?
False
Let y be (11/11)/((-1)/6). Let o = y - -12. Let q = 92 - o. Is q prime?
False
Let t(l) = 6*l**3 + 49*l**2 + 12*l + 1. Is t(12) prime?
True
Is (-257*1)/(14/(-238)) a composite number?
True
Let d be (-2 + 15/6)*2. Let v be 2265/6 + d/2. Suppose v = m + k, 1109 = 3*m - 2*k - 0*k. Is m prime?
True
Let s(n) = 2005*n**2 + 24*n - 7. Is s(2) prime?
False
Suppose -4*g + 3*y = 3, 2*g - g + 5*y = 28. Suppose -5